y 402.
69
What is the remainder when 342609368 is divided by 21?
17
What is the remainder when 2473057 is divided by 8028?
433
What is the remainder when 5869412 is divided by 67?
11
What is the remainder when 59360 is divided by 495?
455
What is the remainder when 1218127 is divided by 839?
738
Calculate the remainder when 184029744 is divided by 139.
138
Calculate the remainder when 3024105 is divided by 189004.
41
Calculate the remainder when 521067 is divided by 230.
117
Calculate the remainder when 612351 is divided by 2201.
473
What is the remainder when 1064839 is divided by 2901?
172
Calculate the remainder when 69999056 is divided by 3970.
16
What is the remainder when 4414483 is divided by 1969?
1954
What is the remainder when 26907 is divided by 1266?
321
What is the remainder when 6353992 is divided by 1588399?
396
What is the remainder when 155435 is divided by 1588?
1399
What is the remainder when 2624235 is divided by 2196?
15
What is the remainder when 834731 is divided by 91?
79
What is the remainder when 5848235 is divided by 157?
142
What is the remainder when 1824239 is divided by 779?
600
Calculate the remainder when 30792482 is divided by 2954.
2940
Calculate the remainder when 36097 is divided by 4849.
2154
What is the remainder when 215631 is divided by 576?
207
What is the remainder when 153417 is divided by 3815?
817
Calculate the remainder when 204590649 is divided by 102295323.
3
What is the remainder when 15680242 is divided by 1321?
1293
Calculate the remainder when 1264588 is divided by 57480.
28
Calculate the remainder when 12662704 is divided by 281.
1
What is the remainder when 22719289 is divided by 39?
34
Calculate the remainder when 1370017 is divided by 815.
2
What is the remainder when 3807823 is divided by 211506?
715
What is the remainder when 246771 is divided by 20559?
63
Calculate the remainder when 2287150 is divided by 42.
40
What is the remainder when 741110 is divided by 103?
25
Calculate the remainder when 1905702 is divided by 88.
62
What is the remainder when 4767788362 is divided by 17?
16
Calculate the remainder when 4999255 is divided by 231.
184
What is the remainder when 15023 is divided by 354?
155
What is the remainder when 84436 is divided by 114?
76
Calculate the remainder when 26557 is divided by 5779.
3441
Calculate the remainder when 29449379 is divided by 871.
869
Calculate the remainder when 658944 is divided by 164727.
36
Calculate the remainder when 7933626 is divided by 6712.
42
Calculate the remainder when 215919165 is divided by 3925803.
0
What is the remainder when 64710 is divided by 116?
98
What is the remainder when 201214784 is divided by 676?
4
What is the remainder when 359650509 is divided by 1831?
1827
Calculate the remainder when 230166022 is divided by 1569.
1567
Calculate the remainder when 698154 is divided by 3262.
86
Calculate the remainder when 131361 is divided by 87.
78
What is the remainder when 299637 is divided by 13617?
63
What is the remainder when 473502 is divided by 307?
108
What is the remainder when 1966410 is divided by 215?
20
What is the remainder when 1227755 is divided by 336?
11
Calculate the remainder when 1429728 is divided by 1429727.
1
Calculate the remainder when 10789250 is divided by 674303.
402
What is the remainder when 130546 is divided by 25961?
741
Calculate the remainder when 228894156 is divided by 53.
35
Calculate the remainder when 18318 is divided by 377.
222
Calculate the remainder when 69783 is divided by 33876.
2031
Calculate the remainder when 2571233 is divided by 183649.
147
What is the remainder when 29617391 is divided by 7404347?
3
Calculate the remainder when 9470106 is divided by 1502.
1498
Calculate the remainder when 179397 is divided by 89557.
283
Calculate the remainder when 808182 is divided by 240.
102
What is the remainder when 992435 is divided by 141776?
3
Calculate the remainder when 244451 is divided by 3351.
3179
Calculate the remainder when 4657712 is divided by 126.
122
What is the remainder when 3136151 is divided by 1774?
1493
Calculate the remainder when 39709306 is divided by 57717.
10
What is the remainder when 17306 is divided by 16955?
351
What is the remainder when 133283 is divided by 281?
89
Calculate the remainder when 79811939 is divided by 340.
339
What is the remainder when 17588424 is divided by 1261?
1257
What is the remainder when 107672 is divided by 53826?
20
Calculate the remainder when 21203918 is divided by 127.
125
What is the remainder when 9779070 is divided by 1218?
966
What is the remainder when 1518505 is divided by 269?
0
What is the remainder when 121623 is divided by 57755?
6113
Calculate the remainder when 279474 is divided by 890.
14
Calculate the remainder when 3759149 is divided by 417664.
173
What is the remainder when 114937 is divided by 21706?
6407
What is the remainder when 3420653 is divided by 187?
49
What is the remainder when 164480885 is divided by 16?
5
Calculate the remainder when 19817324 is divided by 99.
98
Calculate the remainder when 968205 is divided by 484083.
39
What is the remainder when 81690011 is divided by 15?
11
What is the remainder when 2171782 is divided by 1725?
7
Calculate the remainder when 608803 is divided by 50727.
79
Calculate the remainder when 244607 is divided by 30574.
15
What is the remainder when 5716235 is divided by 417?
416
What is the remainder when 271110 is divided by 4878?
2820
Calculate the remainder when 3736084 is divided by 249049.
349
What is the remainder when 214997 is divided by 3526?
3437
Calculate the remainder when 2955589 is divided by 1812.
217
What is the remainder when 52148280 is divided by 3091?
19
What is the remainder when 3199015 is divided by 172?
159
Calculate the remainder when 4818459 is divided by 10.
9
Calculate the remainder when 6425991 is divided by 54.
45
Calculate the remainder when 3380 is divided by 1339.
702
What is the remainder when 679875 is divided by 5439?
0
What is the remainder when 1804142 is divided by 2417?
1060
What is the remainder when 163058 is divided by 15768?
5378
Calculate the remainder when 683086 is divided by 85370.
126
Calculate the remainder when 37203121 is divided by 28.
25
Calculate the remainder when 850574397 is divided by 8944.
8941
Calculate the remainder when 281388 is divided by 289.
191
Calculate the remainder when 8306887 is divided by 457.
455
What is the remainder when 171657076 is divided by 67?
61
Calculate the remainder when 81115 is divided by 1665.
1195
Calculate the remainder when 2561953 is divided by 2561952.
1
Calculate the remainder when 58721 is divided by 18935.
1916
What is the remainder when 543382 is divided by 670?
12
Calculate the remainder when 147587 is divided by 5447.
518
What is the remainder when 208136 is divided by 3460?
536
Calculate the remainder when 576202 is divided by 115135.
527
Calculate the remainder when 1962346 is divided by 105.
1
What is the remainder when 1538240 is divided by 192278?
16
Calculate the remainder when 10410525 is divided by 892.
885
Calculate the remainder when 4901 is divided by 2165.
571
Calculate the remainder when 208797 is divided by 208620.
177
What is the remainder when 151519 is divided by 274?
271
Calculate the remainder when 84636710 is divided by 33100.
10
Calculate the remainder when 83462 is divided by 78580.
4882
Calculate the remainder when 5165641 is divided by 37.
34
What is the remainder when 2141944 is divided by 983?
970
What is the remainder when 7614744 is divided by 1504?
1496
What is the remainder when 25180686 is divided by 29010?
6
What is the remainder when 7705529 is divided by 3852744?
41
What is the remainder when 473195 is divided by 221?
34
What is the remainder when 246952403 is divided by 612?
611
Calculate the remainder when 465020 is divided by 501.
92
Calculate the remainder when 2054227 is divided by 5736.
739
What is the remainder when 2138095 is divided by 45?
10
Calculate the remainder when 12539 is divided by 370.
329
Calculate the remainder when 262641347 is divided by 103.
102
Calculate the remainder when 63833507 is divided by 701467.
10
Calculate the remainder when 179628210 is divided by 25.
10
What is the remainder when 16594155 is divided by 1